-- MySQL dump 10.11
--
-- Host: localhost    Database: CPTA_1_MaBoutic
-- ------------------------------------------------------
-- Server version	5.0.32-Debian_7etch8-log

/*!40101 SET @OLD_CHARACTER_SET_CLIENT=@@CHARACTER_SET_CLIENT */;
/*!40101 SET @OLD_CHARACTER_SET_RESULTS=@@CHARACTER_SET_RESULTS */;
/*!40101 SET @OLD_COLLATION_CONNECTION=@@COLLATION_CONNECTION */;
/*!40101 SET NAMES utf8 */;
/*!40103 SET @OLD_TIME_ZONE=@@TIME_ZONE */;
/*!40103 SET TIME_ZONE='+00:00' */;
/*!40014 SET @OLD_UNIQUE_CHECKS=@@UNIQUE_CHECKS, UNIQUE_CHECKS=0 */;
/*!40014 SET @OLD_FOREIGN_KEY_CHECKS=@@FOREIGN_KEY_CHECKS, FOREIGN_KEY_CHECKS=0 */;
/*!40101 SET @OLD_SQL_MODE=@@SQL_MODE, SQL_MODE='NO_AUTO_VALUE_ON_ZERO' */;
/*!40111 SET @OLD_SQL_NOTES=@@SQL_NOTES, SQL_NOTES=0 */;

--
-- Table structure for table `COMPTE`
--

DROP TABLE IF EXISTS `COMPTE`;
CREATE TABLE `COMPTE` (
  `Numero_Compte` varchar(8) NOT NULL,
  `Libelle` varchar(100) default '',
  `Compte_Gen` char(1) default 'G',
  `Code_TVA` int(10) unsigned default '1',
  `Lettrage` char(1) default 'n',
  `Lettre` varchar(3) default '',
  `Centraliser` char(1) default 'n',
  `Cumul_Journal` char(1) default 'n',
  `Detail_Cloture` char(1) default 'n',
  `Solde` decimal(16,2) default '0.00',
  `Date_Creation` bigint(20) unsigned default '0',
  `Total_Credit` decimal(16,2) default '0.00',
  `Total_Debit` decimal(16,2) default '0.00',
  PRIMARY KEY  (`Numero_Compte`)
) ENGINE=InnoDB DEFAULT CHARSET=latin1;

--
-- Dumping data for table `COMPTE`
--

LOCK TABLES `COMPTE` WRITE;
/*!40000 ALTER TABLE `COMPTE` DISABLE KEYS */;
INSERT INTO `COMPTE` VALUES ('01000000','CLIENTS DIVERS','C',1,'n','','n','n','n','-46432.02',0,'72918.76','119350.78'),('01000001','Clients particuliers','C',1,'n','','n','n','n','-15150.36',1200583068189,'11112.71','26263.07'),('01000002','Client Divers Caisse','C',1,'n','','n','n','n','0.00',1211295826770,'0.00','0.00'),('01010000','Clients Libraires','C',1,'n','','n','n','n','-2153.11',1199723646800,'122353.76','124506.87'),('01020000','Garagistes','C',1,'n','','n','n','n','-2878.10',1199896280244,'61740.71','64618.81'),('01030000','Salons de coiffure','C',1,'n','','n','n','n','-22700.03',1200557805669,'633.88','23333.91'),('08000000','FOURNISSEURS DIVERS','F',1,'n','','n','n','n','-119.60',0,'51897.58','52017.18'),('08000100','MON FOURNISSEUR','F',1,'n','','n','n','n','100.00',1200309770058,'151.63','51.63'),('08000101','Fournisseurs de confiture','F',1,'n','','n','n','n','0.00',1224071950796,'0.00','0.00'),('08000102','Fournisseurs d\'épicerie fine','F',1,'n','','n','n','n','0.00',1224074053491,'0.00','0.00'),('08000103','LE FLEURON','F',1,'n','','n','n','n','0.00',1226569486764,'0.00','0.00'),('08001000','CITROEN','F',1,'n','','n','n','n','0.00',1224075917625,'256.39','256.39'),('08001001','PEUGEOT','F',1,'n','','n','n','n','0.00',1224076028018,'0.00','0.00'),('08001002','TOUTPOURLAUTO','F',1,'n','','n','n','n','0.00',1224076669949,'0.00','0.00'),('08100000','Telephonie','F',1,'n','','n','n','n','0.00',1224594684107,'34.25','34.25'),('12000000','COMPTE DE RESULTAT','G',1,'n','','n','n','n','151014.66',0,'151014.66','0.00'),('40100000','COLLECTIF FOURNISSEURS','G',1,'n','','n','n','n','-19.60',0,'52339.85','52359.45'),('41100000','COLLECTIF CLIENTS','G',1,'n','','n','n','n','-89313.62',0,'268759.82','358073.44'),('44566100','TVA SUR ACHAT 2.1%','G',1,'n','','n','n','n','0.00',0,'0.00','0.00'),('44566200','TVA SUR ACHAT 5.5%','G',1,'n','','n','n','n','-1058.20',0,'0.00','1058.20'),('44566300','TVA SUR ACHAT 19.6%','G',1,'n','','n','n','n','-5228.21',0,'0.00','5228.21'),('44571100','TVA SUR VENTE 2.1%','G',1,'n','','n','n','n','0.00',0,'0.00','0.00'),('44571200','TVA SUR VENTE 5.5%','G',1,'n','','n','n','n','146.41',0,'146.41','0.00'),('44571300','TVA SUR VENTE 19.6%','G',1,'n','','n','n','n','57841.44',0,'57841.44','0.00'),('47210100','ECRITURES DE BANQUE EN ATTENTE','G',1,'n','','n','n','n','0.00',0,'0.00','0.00'),('51200000','BANQUE','G',1,'n','','n','n','n','-214631.79',0,'868.51','215500.30'),('60700000','ACHATS DE MARCHANDISES','G',4,'n','','n','n','n','0.00',0,'0.00','0.00'),('60701000','Achats Pièces déttachées','G',4,'n','','n','n','n','-212.30',1224075735959,'0.00','212.30'),('60702000','Achats Outillages','G',4,'n','','n','n','n','0.00',1225808305084,'0.00','0.00'),('60703000','Achats de produits à 5.5%','G',3,'n','','n','n','n','0.00',1225808547433,'0.00','0.00'),('60704000','Achats matière première à 19.6%','G',4,'n','','n','n','n','0.00',1226566268886,'0.00','0.00'),('62410000','FRAIS DE PORT SUR ACHAT','G',4,'n','','n','n','n','0.00',0,'0.00','0.00'),('62620000','FRAIS DE TELEPHONIE','G',1,'n','','n','n','n','-30.51',1224594807306,'0.00','30.51'),('65800000','CHARGES DIVERSES DE GESTION COURANTE','G',1,'n','','n','n','n','-51.63',0,'0.00','51.63'),('66500000','ESCOMPTES ACCORDES','G',1,'n','','n','n','n','-254.06',0,'0.00','254.06'),('70610100','VENTE PRESTATION SPECIALE','G',1,'n','','n','n','n','25805.79',1200308002364,'25805.79','0.00'),('70610101','Dépanage sur site','G',1,'n','','n','n','n','0.00',1224075409568,'0.00','0.00'),('70610102','Dépanage hors site','G',1,'n','','n','n','n','104.86',1224075547641,'104.86','0.00'),('70700000','VENTES DE MARCHANDISES 19,6%','G',4,'n','','n','n','n','8224.49',0,'8224.49','0.00'),('70701000','Vente de pièces déttachées','G',1,'n','','n','n','n','52349.06',1224075793249,'52349.06','0.00'),('70701001','Vente Pièces déttachées Climatisation','G',1,'n','','n','n','n','10791.20',1224076849426,'10791.20','0.00'),('70701002','Vente d\'outillage','G',4,'n','','n','n','n','0.00',1225808337274,'0.00','0.00'),('70703000','Ventes de produit à 5.5%','G',3,'n','','n','n','n','0.00',1225808584507,'0.00','0.00'),('70704000','Vente de matière première à 19.6%','G',4,'n','','n','n','n','0.00',1226566298573,'0.00','0.00'),('70710000','VENTE DE MARCHANDISE 5,5 %','G',3,'n','','n','n','n','578.54',1224071646330,'578.54','0.00'),('70850000','FRAIS DE PORT SUR VENTE','G',4,'n','','n','n','n','3943.47',0,'3943.47','0.00'),('74000000','SUBVENTIONS D\'EXPLOITATION','G',4,'n','','n','n','n','0.00',0,'0.00','0.00'),('75800000','PRODUITS DIVERS DE GESTION COURANTE','G',1,'n','','n','n','n','0.00',0,'0.00','0.00'),('76500000','ESCOMPTES OBTENUS','G',1,'n','','n','n','n','0.00',0,'0.00','0.00');
/*!40000 ALTER TABLE `COMPTE` ENABLE KEYS */;
UNLOCK TABLES;

--
-- Table structure for table `ECRITURE`
--

DROP TABLE IF EXISTS `ECRITURE`;
CREATE TABLE `ECRITURE` (
  `Num_Ecriture` int(10) unsigned NOT NULL auto_increment,
  `Code_Journal` char(3) NOT NULL default '',
  `Date_Ecriture` bigint(20) unsigned default '0',
  `Vide` tinyint(3) unsigned default '1',
  PRIMARY KEY  (`Num_Ecriture`)
) ENGINE=InnoDB DEFAULT CHARSET=latin1;

--
-- Dumping data for table `ECRITURE`
--

LOCK TABLES `ECRITURE` WRITE;
/*!40000 ALTER TABLE `ECRITURE` DISABLE KEYS */;
INSERT INTO `ECRITURE` VALUES (7,'VE',1222812000000,0),(8,'VE',1222812000000,0),(9,'VE',1222812000000,0),(10,'VE',1222812000000,0),(11,'VE',1222812000000,0),(12,'VE',1222812000000,0),(13,'VE',1222812000000,0),(14,'VE',1222812000000,0),(15,'VE',1222812000000,0),(16,'VE',1222812000000,0),(17,'VE',1222812000000,0),(18,'VE',1222812000000,0),(19,'VE',1222812000000,0),(20,'VE',1222812000000,0),(21,'VE',1222812000000,0),(23,'VE',1222812000000,1),(25,'VE',1222812000000,1),(27,'VE',1222812000000,1),(28,'VE',1222812000000,0),(30,'VE',1222812000000,1),(31,'VE',1222812000000,0),(32,'VE',1222812000000,0),(34,'VE',1222812000000,1),(36,'VE',1222812000000,1),(37,'VE',1222812000000,0),(38,'VE',1222812000000,0),(39,'VE',1222812000000,0),(40,'VE',1222812000000,0),(41,'VE',1222812000000,0),(43,'VE',1222812000000,1),(46,'VE',1222812000000,1),(48,'VE',1222812000000,1),(50,'VE',1222812000000,1),(51,'VE',1222812000000,0),(53,'VE',1222812000000,1),(54,'VE',1222812000000,0),(56,'VE',1222812000000,1),(57,'VE',1222812000000,0),(59,'VE',1222812000000,1),(61,'VE',1222812000000,1),(62,'VE',1222812000000,0),(63,'VE',1222812000000,0),(65,'VE',1222812000000,1),(67,'VE',1222812000000,1),(68,'BQ',1222812000000,0),(69,'BQ',1222812000000,0),(70,'BQ',1222812000000,0),(71,'BQ',1222812000000,0),(72,'BQ',1222812000000,0),(73,'BQ',1222812000000,0),(74,'BQ',1222812000000,0),(75,'BQ',1222812000000,0),(76,'BQ',1222812000000,0),(77,'BQ',1222812000000,0),(78,'BQ',1222812000000,0),(79,'BQ',1222812000000,0),(80,'BQ',1222812000000,0),(81,'BQ',1222812000000,0),(82,'BQ',1222812000000,0),(83,'BQ',1222812000000,0),(84,'BQ',1222812000000,0),(85,'BQ',1222812000000,0),(86,'BQ',1222812000000,0),(87,'BQ',1222812000000,0),(88,'BQ',1222812000000,0),(89,'BQ',1222812000000,0),(90,'BQ',1222812000000,0),(91,'BQ',1222812000000,0),(94,'AC',1222812000000,1),(95,'AC',1251756000000,1),(96,'VE',1251756000000,1),(97,'VE',1222812000000,1),(98,'CS',1222812000000,0),(99,'VE',1222812000000,0),(100,'VE',1222812000000,0),(101,'VE',1222812000000,0),(102,'VE',1222812000000,0),(103,'VE',1222812000000,0),(104,'VE',1222812000000,0),(106,'VE',1222812000000,1),(107,'AC',1222812000000,0),(108,'AC',1222812000000,1),(109,'BQ',1222812000000,0),(110,'BQ',1222812000000,1),(112,'AC',1222812000000,0),(113,'AC',1222812000000,1),(114,'BQ',1222812000000,0),(115,'BQ',1222812000000,1),(116,'BQ',1222812000000,0),(117,'VE',1222812000000,0),(118,'VE',1222812000000,0),(120,'VE',1222812000000,1),(121,'AC',1222812000000,0),(122,'AC',1222812000000,1),(123,'AC',1251756000000,1),(124,'VE',1251756000000,1),(125,'BQ',1222812000000,0),(126,'BQ',1222812000000,1),(128,'VE',1225494000000,0),(129,'VE',1225494000000,0),(130,'VE',1222812000000,0),(131,'VE',1222812000000,0),(132,'VE',1222812000000,0),(133,'VE',1222812000000,0),(134,'VE',1222812000000,0),(135,'VE',1222812000000,0),(136,'VE',1222812000000,0),(137,'VE',1222812000000,0),(138,'VE',1222812000000,0),(139,'VE',1222812000000,0),(140,'VE',1225494000000,0),(141,'VE',1225494000000,0),(142,'VE',1225494000000,0),(144,'VE',1222812000000,1),(145,'VE',1225494000000,0),(146,'VE',1225494000000,0),(147,'VE',1225494000000,0),(148,'VE',1225494000000,0),(149,'VE',1225494000000,0),(150,'VE',1225494000000,0),(151,'VE',1225494000000,0),(152,'VE',1225494000000,0),(153,'VE',1225494000000,0),(154,'VE',1225494000000,0),(155,'VE',1225494000000,0),(156,'VE',1225494000000,0),(157,'VE',1225494000000,0),(158,'VE',1225494000000,0),(159,'VE',1225494000000,0),(160,'VE',1225494000000,0),(161,'VE',1225494000000,0),(162,'VE',1225494000000,0),(163,'VE',1225494000000,0),(164,'VE',1225494000000,0),(165,'VE',1225494000000,0),(166,'VE',1222812000000,0),(167,'VE',1222812000000,0),(170,'AN',1222812000000,0);
/*!40000 ALTER TABLE `ECRITURE` ENABLE KEYS */;
UNLOCK TABLES;

--
-- Table structure for table `JOURNAL`
--

DROP TABLE IF EXISTS `JOURNAL`;
CREATE TABLE `JOURNAL` (
  `Code_Journal` char(3) NOT NULL,
  `Libelle` varchar(50) default '',
  `Type_Journal` char(2) NOT NULL,
  `Contre_Partie` varchar(8) default '',
  PRIMARY KEY  (`Code_Journal`)
) ENGINE=InnoDB DEFAULT CHARSET=latin1;

--
-- Dumping data for table `JOURNAL`
--

LOCK TABLES `JOURNAL` WRITE;
/*!40000 ALTER TABLE `JOURNAL` DISABLE KEYS */;
INSERT INTO `JOURNAL` VALUES ('AC','ACHATS','AC',''),('AN','A NOUVEAU','AN',''),('BQ','BANQUE','TR','51200000'),('CS','CAISSE','TR','51200000'),('OD','OPERATIONS DIVERSES','OD',''),('VE','VENTES','VE','');
/*!40000 ALTER TABLE `JOURNAL` ENABLE KEYS */;
UNLOCK TABLES;

--
-- Table structure for table `NB_OP_JOURNAUX`
--

DROP TABLE IF EXISTS `NB_OP_JOURNAUX`;
CREATE TABLE `NB_OP_JOURNAUX` (
  `Code_Journal` char(3) NOT NULL,
  `Periode` bigint(20) unsigned NOT NULL default '0',
  `Nb_Op` int(10) unsigned default '0',
  PRIMARY KEY  (`Code_Journal`,`Periode`)
) ENGINE=InnoDB DEFAULT CHARSET=latin1;

--
-- Dumping data for table `NB_OP_JOURNAUX`
--

LOCK TABLES `NB_OP_JOURNAUX` WRITE;
/*!40000 ALTER TABLE `NB_OP_JOURNAUX` DISABLE KEYS */;
INSERT INTO `NB_OP_JOURNAUX` VALUES ('AC',1222812000000,9),('AN',1222812000000,86),('BQ',1222812000000,56),('CS',1222812000000,2),('VE',1222812000000,226),('VE',1225494000000,112);
/*!40000 ALTER TABLE `NB_OP_JOURNAUX` ENABLE KEYS */;
UNLOCK TABLES;

--
-- Table structure for table `OPERATION`
--

DROP TABLE IF EXISTS `OPERATION`;
CREATE TABLE `OPERATION` (
  `Op_Id` int(10) unsigned NOT NULL auto_increment,
  `Num_Ligne` int(10) unsigned NOT NULL,
  `Num_Ecriture` int(10) unsigned NOT NULL,
  `Numero_Compte` varchar(8) NOT NULL,
  `Montant_D` decimal(14,2) unsigned default '0.00',
  `Montant_C` decimal(14,2) unsigned default '0.00',
  `Libelle` varchar(100) default '',
  `Num_Piece` varchar(20) default '',
  `Contrepartie` varchar(8) default '',
  `Type` varchar(8) default '',
  `Raccourci` char(1) default '',
  `Lettre` varchar(3) default '',
  `Date_Op` bigint(20) unsigned default '0',
  `Date_Echeance` bigint(20) unsigned default '0',
  PRIMARY KEY  (`Op_Id`)
) ENGINE=InnoDB DEFAULT CHARSET=latin1;

--
-- Dumping data for table `OPERATION`
--

LOCK TABLES `OPERATION` WRITE;
/*!40000 ALTER TABLE `OPERATION` DISABLE KEYS */;
INSERT INTO `OPERATION` VALUES (220,2,7,'01010000','197.34','0.00','Clients Libraires','F08100001','','','','',1222812000000,1222812000000),(221,1,7,'44571300','0.00','32.34','TVA SUR VENTE 19.6%','F08100001','','','','',1222812000000,1222812000000),(222,0,7,'70700000','0.00','165.00','VENTES DE MARCHANDISES','F08100001','','','','',1222812000000,1222812000000),(223,2,8,'01010000','197.34','0.00','Clients Libraires','F08100002','','','','',1222812000000,1222812000000),(224,1,8,'44571300','0.00','32.34','TVA SUR VENTE 19.6%','F08100002','','','','',1222812000000,1222812000000),(225,0,8,'70700000','0.00','165.00','VENTES DE MARCHANDISES','F08100002','','','','',1222812000000,1222812000000),(226,2,9,'01010000','135.15','0.00','Clients Libraires','F08100003','','','','',1223244000000,1223244000000),(227,1,9,'44571300','0.00','22.15','TVA SUR VENTE 19.6%','F08100003','','','','',1223244000000,1223244000000),(228,0,9,'70700000','0.00','113.00','VENTES DE MARCHANDISES','F08100003','','','','',1223244000000,1223244000000),(229,2,10,'01010000','394.68','0.00','Clients Libraires','F08100004','','','','',1223244000000,1223244000000),(230,1,10,'44571300','0.00','64.68','TVA SUR VENTE 19.6%','F08100004','','','','',1223244000000,1223244000000),(231,0,10,'70700000','0.00','330.00','VENTES DE MARCHANDISES','F08100004','','','','',1223244000000,1223244000000),(232,3,11,'01020000','12354.68','0.00','Garagistes','F08100005','','','','',1223848800000,1225407600000),(233,2,11,'44571300','0.00','2024.68','TVA SUR VENTE 19.6%','F08100005','','','','',1223848800000,1225407600000),(234,1,11,'70700000','0.00','330.00','VENTES DE MARCHANDISES','F08100005','','','','',1223848800000,1225407600000),(235,0,11,'70610100','0.00','10000.00','VENTE PRESTATION SPECIALE','F08100005','','','','',1223848800000,1225407600000),(236,2,12,'01020000','239.20','0.00','Garagistes','F08100006','','','','',1223848800000,1225407600000),(237,1,12,'44571300','0.00','39.20','TVA SUR VENTE 19.6%','F08100006','','','','',1223848800000,1225407600000),(238,0,12,'70700000','0.00','200.00','VENTES DE MARCHANDISES','F08100006','','','','',1223848800000,1225407600000),(239,2,13,'01020000','124.74','0.00','Garagistes','F08100007','','','','',1223848800000,1225407600000),(240,1,13,'44571300','0.00','20.44','TVA SUR VENTE 19.6%','F08100007','','','','',1223848800000,1225407600000),(241,0,13,'70610100','0.00','104.30','VENTE PRESTATION SPECIALE','F08100007','','','','',1223848800000,1225407600000),(242,3,14,'01000000','40.94','0.00','CLIENTS DIVERS','F08100008','','','','',1223848800000,1223848800000),(243,2,14,'44571300','0.00','6.71','TVA SUR VENTE 19.6%','F08100008','','','','',1223848800000,1223848800000),(244,1,14,'70850000','0.00','15.00','FRAIS DE PORT SUR VENTE','F08100008','','','','',1223848800000,1223848800000),(245,0,14,'70700000','0.00','19.23','VENTES DE MARCHANDISES','F08100008','','','','',1223848800000,1223848800000),(246,3,15,'01000001','65.34','0.00','Clients particuliers','F08100010','','','','',1223848800000,1223848800000),(247,2,15,'66500000','2.02','0.00','ESCOMPTES ACCORDES','F08100010','','','','',1223848800000,1223848800000),(248,1,15,'44571300','0.00','11.04','TVA SUR VENTE 19.6%','F08100010','','','','',1223848800000,1223848800000),(249,0,15,'70850000','0.00','56.32','FRAIS DE PORT SUR VENTE','F08100010','','','','',1223848800000,1223848800000),(250,3,16,'01000000','1155.34','0.00','CLIENTS DIVERS','F08100011','','','','',1223848800000,1225407600000),(251,2,16,'44571300','0.00','189.34','TVA SUR VENTE 19.6%','F08100011','','','','',1223848800000,1225407600000),(252,1,16,'70850000','0.00','156.00','FRAIS DE PORT SUR VENTE','F08100011','','','','',1223848800000,1225407600000),(253,0,16,'70610100','0.00','810.00','VENTE PRESTATION SPECIALE','F08100011','','','','',1223848800000,1225407600000),(254,3,17,'01000000','368.03','0.00','CLIENTS DIVERS','F08100012','','','','',1223848800000,1225407600000),(255,2,17,'44571300','0.00','60.31','TVA SUR VENTE 19.6%','F08100012','','','','',1223848800000,1225407600000),(256,1,17,'70700000','0.00','266.00','VENTES DE MARCHANDISES','F08100012','','','','',1223848800000,1225407600000),(257,0,17,'70610100','0.00','41.72','VENTE PRESTATION SPECIALE','F08100012','','','','',1223848800000,1225407600000),(258,2,18,'01030000','633.88','0.00','Salons de coiffure','F08100013','','','','',1223848800000,1225407600000),(259,1,18,'44571300','0.00','103.88','TVA SUR VENTE 19.6%','F08100013','','','','',1223848800000,1225407600000),(260,0,18,'70700000','0.00','530.00','VENTES DE MARCHANDISES','F08100013','','','','',1223848800000,1225407600000),(261,4,19,'01000001','7690.11','0.00','Clients particuliers','F08100014','','','','',1223848800000,1223848800000),(262,3,19,'44571300','0.00','1260.25','TVA SUR VENTE 19.6%','F08100014','','','','',1223848800000,1223848800000),(263,2,19,'70850000','0.00','15.00','FRAIS DE PORT SUR VENTE','F08100014','','','','',1223848800000,1223848800000),(264,1,19,'70700000','0.00','262.77','VENTES DE MARCHANDISES','F08100014','','','','',1223848800000,1223848800000),(265,0,19,'70610100','0.00','6152.09','VENTE PRESTATION SPECIALE','F08100014','','','','',1223848800000,1223848800000),(266,2,20,'01000000','356.48','0.00','CLIENTS DIVERS','F08100015','','','','',1223848800000,1223848800000),(267,1,20,'44571300','0.00','58.42','TVA SUR VENTE 19.6%','F08100015','','','','',1223848800000,1223848800000),(268,0,20,'70700000','0.00','298.06','VENTES DE MARCHANDISES','F08100015','','','','',1223848800000,1223848800000),(269,3,21,'01000000','280.57','0.00','CLIENTS DIVERS','F08100016','','','','',1223935200000,1223935200000),(270,2,21,'44571300','0.00','45.89','TVA SUR VENTE 19.6%','F08100016','','','','',1223935200000,1223935200000),(271,1,21,'70700000','0.00','111.75','VENTES DE MARCHANDISES','F08100016','','','','',1223935200000,1223935200000),(272,0,21,'70610100','0.00','122.93','VENTE PRESTATION SPECIALE','F08100016','','','','',1223935200000,1223935200000),(441,3,28,'01010000','210.00','0.00','Clients Libraires','F08100017','','','','',1223935200000,1223935200000),(442,2,28,'44571300','0.00','34.41','TVA SUR VENTE 19.6%','F08100017','','','','',1223935200000,1223935200000),(443,1,28,'70700000','0.00','115.42','VENTES DE MARCHANDISES','F08100017','','','','',1223935200000,1223935200000),(444,0,28,'70610100','0.00','60.17','VENTE PRESTATION SPECIALE','F08100017','','','','',1223935200000,1223935200000),(501,4,31,'01000001','660.01','0.00','Clients particuliers','F08100018','','','','',1223935200000,1225407600000),(502,3,31,'44571300','0.00','87.88','TVA SUR VENTE 19.6%','F08100018','','','','',1223935200000,1225407600000),(503,2,31,'44571200','0.00','6.45','TVA SUR VENTE 5.5%','F08100018','','','','',1223935200000,1225407600000),(504,1,31,'70700000','0.00','216.19','VENTES DE MARCHANDISES','F08100018','','','','',1223935200000,1225407600000),(505,0,31,'70610100','0.00','349.49','VENTE PRESTATION SPECIALE','F08100018','','','','',1223935200000,1225407600000),(506,3,32,'01000000','120.37','0.00','CLIENTS DIVERS','F08100019','','','','',1223935200000,1225407600000),(507,2,32,'44571300','0.00','7.72','TVA SUR VENTE 19.6%','F08100019','','','','',1223935200000,1225407600000),(508,1,32,'44571200','0.00','3.82','TVA SUR VENTE 5.5%','F08100019','','','','',1223935200000,1225407600000),(509,0,32,'70700000','0.00','108.83','VENTES DE MARCHANDISES','F08100019','','','','',1223935200000,1225407600000),(622,4,37,'01000000','1035.00','0.00','CLIENTS DIVERS','F08100020','','','','',1224021600000,1224021600000),(623,3,37,'44571300','0.00','149.32','TVA SUR VENTE 19.6%','F08100020','','','','',1224021600000,1224021600000),(624,2,37,'44571200','0.00','6.46','TVA SUR VENTE 5.5%','F08100020','','','','',1224021600000,1224021600000),(625,1,37,'70700000','0.00','117.38','VENTES DE MARCHANDISES','F08100020','','','','',1224021600000,1224021600000),(626,0,37,'70610100','0.00','761.84','VENTE PRESTATION SPECIALE','F08100020','','','','',1224021600000,1224021600000),(627,4,38,'01000001','350.00','0.00','Clients particuliers','F08100021','','','','',1224021600000,1224021600000),(628,3,38,'44571200','0.00','3.86','TVA SUR VENTE 5.5%','F08100021','','','','',1224021600000,1224021600000),(629,2,38,'44571300','0.00','45.22','TVA SUR VENTE 19.6%','F08100021','','','','',1224021600000,1224021600000),(630,1,38,'70850000','0.00','12.54','FRAIS DE PORT SUR VENTE','F08100021','','','','',1224021600000,1224021600000),(631,0,38,'70700000','0.00','288.38','VENTES DE MARCHANDISES','F08100021','','','','',1224021600000,1224021600000),(632,4,39,'01000000','273.99','0.00','CLIENTS DIVERS','F08100022','','','','',1224021600000,1225407600000),(633,3,39,'44571300','0.00','33.38','TVA SUR VENTE 19.6%','F08100022','','','','',1224021600000,1225407600000),(634,2,39,'44571200','0.00','3.66','TVA SUR VENTE 5.5%','F08100022','','','','',1224021600000,1225407600000),(635,1,39,'70700000','0.00','106.49','VENTES DE MARCHANDISES','F08100022','','','','',1224021600000,1225407600000),(636,0,39,'70610100','0.00','130.46','VENTE PRESTATION SPECIALE','F08100022','','','','',1224021600000,1225407600000),(637,4,40,'01000000','530.00','0.00','CLIENTS DIVERS','F08100023','','','','',1224021600000,1225407600000),(638,3,40,'44571300','0.00','74.72','TVA SUR VENTE 19.6%','F08100023','','','','',1224021600000,1225407600000),(639,2,40,'44571200','0.00','3.86','TVA SUR VENTE 5.5%','F08100023','','','','',1224021600000,1225407600000),(640,1,40,'70700000','0.00','103.02','VENTES DE MARCHANDISES','F08100023','','','','',1224021600000,1225407600000),(641,0,40,'70610100','0.00','348.40','VENTE PRESTATION SPECIALE','F08100023','','','','',1224021600000,1225407600000),(642,4,41,'01000000','590.39','0.00','CLIENTS DIVERS','F08100024','','','','',1224021600000,1225407600000),(643,3,41,'44571300','0.00','76.44','TVA SUR VENTE 19.6%','F08100024','','','','',1224021600000,1225407600000),(644,2,41,'44571200','0.00','6.46','TVA SUR VENTE 5.5%','F08100024','','','','',1224021600000,1225407600000),(645,1,41,'70700000','0.00','157.49','VENTES DE MARCHANDISES','F08100024','','','','',1224021600000,1225407600000),(646,0,41,'70610100','0.00','350.00','VENTE PRESTATION SPECIALE','F08100024','','','','',1224021600000,1225407600000),(935,5,51,'01020000','915.00','0.00','Garagistes','F08100025','','','','',1224021600000,1225407600000),(936,4,51,'44571300','0.00','129.00','TVA SUR VENTE 19.6%','F08100025','','','','',1224021600000,1225407600000),(937,3,51,'44571200','0.00','6.66','TVA SUR VENTE 5.5%','F08100025','','','','',1224021600000,1225407600000),(938,2,51,'70700000','0.00','275.03','VENTES DE MARCHANDISES','F08100025','','','','',1224021600000,1225407600000),(939,1,51,'70710000','0.00','50.80','VENTE DE MARCHANDISE 5,5 %','F08100025','','','','',1224021600000,1225407600000),(940,0,51,'70610100','0.00','453.51','VENTE PRESTATION SPECIALE','F08100025','','','','',1224021600000,1225407600000),(999,6,54,'01000000','2166.00','0.00','CLIENTS DIVERS','F08100026','','','','',1224021600000,1225407600000),(1000,5,54,'44571200','0.00','4.93','TVA SUR VENTE 5.5%','F08100026','','','','',1224021600000,1225407600000),(1001,4,54,'44571300','0.00','339.47','TVA SUR VENTE 19.6%','F08100026','','','','',1224021600000,1225407600000),(1002,3,54,'70850000','0.00','214.16','FRAIS DE PORT SUR VENTE','F08100026','','','','',1224021600000,1225407600000),(1003,2,54,'70700000','0.00','353.75','VENTES DE MARCHANDISES 19,6%','F08100026','','','','',1224021600000,1225407600000),(1004,1,54,'70610100','0.00','1234.22','VENTE PRESTATION SPECIALE','F08100026','','','','',1224021600000,1225407600000),(1005,0,54,'70710000','0.00','19.47','VENTE DE MARCHANDISE 5,5 %','F08100026','','','','',1224021600000,1225407600000),(1064,6,57,'01030000','1610.00','0.00','Salons de coiffure','F08100027','','','','',1224021600000,1225407600000),(1065,5,57,'44571200','0.00','7.98','TVA SUR VENTE 5.5%','F08100027','','','','',1224021600000,1225407600000),(1066,4,57,'44571300','0.00','238.77','TVA SUR VENTE 19.6%','F08100027','','','','',1224021600000,1225407600000),(1067,3,57,'70850000','0.00','209.03','FRAIS DE PORT SUR VENTE','F08100027','','','','',1224021600000,1225407600000),(1068,2,57,'70700000','0.00','288.81','VENTES DE MARCHANDISES 19,6%','F08100027','','','','',1224021600000,1225407600000),(1069,1,57,'70610100','0.00','790.70','VENTE PRESTATION SPECIALE','F08100027','','','','',1224021600000,1225407600000),(1070,0,57,'70710000','0.00','74.71','VENTE DE MARCHANDISE 5,5 %','F08100027','','','','',1224021600000,1225407600000),(1187,3,62,'01000000','1648.90','0.00','CLIENTS DIVERS','F08100029','','','','',1224021600000,1225407600000),(1188,2,62,'44571300','0.00','270.22','TVA SUR VENTE 19.6%','F08100029','','','','',1224021600000,1225407600000),(1189,1,62,'70701000','0.00','290.44','Vente de pièces déttachées','F08100029','','','','',1224021600000,1225407600000),(1190,0,62,'70701001','0.00','1088.24','Vente Pièces déttachées Climatisation','F08100029','','','','',1224021600000,1225407600000),(1191,5,63,'01000000','5077.56','0.00','CLIENTS DIVERS','F08100028','','','','',1224021600000,1225407600000),(1192,4,63,'44571200','0.00','3.27','TVA SUR VENTE 5.5%','F08100028','','','','',1224021600000,1225407600000),(1193,3,63,'44571300','0.00','821.84','TVA SUR VENTE 19.6%','F08100028','','','','',1224021600000,1225407600000),(1194,2,63,'70850000','0.00','150.00','FRAIS DE PORT SUR VENTE','F08100028','','','','',1224021600000,1225407600000),(1195,1,63,'70701000','0.00','4043.06','Vente de pièces déttachées','F08100028','','','','',1224021600000,1225407600000),(1196,0,63,'70710000','0.00','59.39','VENTE DE MARCHANDISE 5,5 %','F08100028','','','','',1224021600000,1225407600000),(1313,1,68,'51200000','197.34','0.00','BANQUE','F08100002','','','','',1223157600000,0),(1314,0,68,'01010000','0.00','197.34','Clients Libraires','F08100002','','','','',1223157600000,0),(1315,1,69,'51200000','394.68','0.00','BANQUE','F08100004','','','','',1224021600000,0),(1316,0,69,'01010000','0.00','394.68','Clients Libraires','F08100004','','','','',1224021600000,0),(1317,1,70,'51200000','368.03','0.00','BANQUE','F08100012','','','','',1225407600000,0),(1318,0,70,'01000000','0.00','368.03','CLIENTS DIVERS','F08100012','','','','',1225407600000,0),(1319,1,71,'51200000','120.37','0.00','BANQUE','F08100019','','','','',1225407600000,0),(1320,0,71,'01000000','0.00','120.37','CLIENTS DIVERS','F08100019','','','','',1225407600000,0),(1321,1,72,'51200000','135.15','0.00','BANQUE','F08100003','','','','',1223157600000,0),(1322,0,72,'01010000','0.00','135.15','Clients Libraires','F08100003','','','','',1223157600000,0),(1323,1,73,'51200000','356.48','0.00','BANQUE','F08100015','','','','',1224021600000,0),(1324,0,73,'01000000','0.00','356.48','CLIENTS DIVERS','F08100015','','','','',1224021600000,0),(1325,1,74,'51200000','7690.11','0.00','BANQUE','F08100014','','','','',1224021600000,0),(1326,0,74,'01000001','0.00','7690.11','Clients particuliers','F08100014','','','','',1224021600000,0),(1327,1,75,'51200000','1019.53','0.00','BANQUE','F08100030','','','','',1224885600000,0),(1328,0,75,'01010000','0.00','1019.53','Clients Libraires','F08100030','','','','',1224885600000,0),(1329,1,76,'51200000','12354.68','0.00','BANQUE','F08100005','','','','',1224885600000,0),(1330,0,76,'01020000','0.00','12354.68','Garagistes','F08100005','','','','',1224885600000,0),(1331,1,77,'51200000','239.20','0.00','BANQUE','F08100006','','','','',1224885600000,0),(1332,0,77,'01020000','0.00','239.20','Garagistes','F08100006','','','','',1224885600000,0),(1333,1,78,'51200000','124.74','0.00','BANQUE','F08100007','','','','',1225407600000,0),(1334,0,78,'01020000','0.00','124.74','Garagistes','F08100007','','','','',1225407600000,0),(1335,1,79,'51200000','1155.34','0.00','BANQUE','F08100011','','','','',1225407600000,0),(1336,0,79,'01000000','0.00','1155.34','CLIENTS DIVERS','F08100011','','','','',1225407600000,0),(1337,1,80,'51200000','200.00','0.00','BANQUE','1-1','','','','',1223157600000,0),(1338,0,80,'01000001','0.00','200.00','Clients particuliers','1-1','','','','',1223157600000,0),(1339,1,81,'51200000','197.34','0.00','BANQUE','F08100001','','','','',1223157600000,0),(1340,0,81,'01010000','0.00','197.34','Clients Libraires','F08100001','','','','',1223157600000,0),(1341,1,82,'51200000','280.00','0.00','BANQUE','F08100016','','','','',1224021600000,0),(1342,0,82,'01000000','0.00','280.00','CLIENTS DIVERS','F08100016','','','','',1224021600000,0),(1343,1,83,'51200000','40.94','0.00','BANQUE','F08100008','','','','',1224021600000,0),(1344,0,83,'01000000','0.00','40.94','CLIENTS DIVERS','F08100008','','','','',1224021600000,0),(1345,1,84,'51200000','269.96','0.00','BANQUE','F08010013','','','','',1224108000000,0),(1346,0,84,'01000000','0.00','269.96','CLIENTS DIVERS','F08010013','','','','',1224108000000,0),(1347,1,85,'51200000','210.00','0.00','BANQUE','F08100017','','','','',1224885600000,0),(1348,0,85,'01010000','0.00','210.00','Clients Libraires','F08100017','','','','',1224885600000,0),(1349,1,86,'51200000','1035.00','0.00','BANQUE','F08100020','','','','',1224885600000,0),(1350,0,86,'01000000','0.00','1035.00','CLIENTS DIVERS','F08100020','','','','',1224885600000,0),(1351,1,87,'51200000','633.88','0.00','BANQUE','F08100013','','','','',1225407600000,0),(1352,0,87,'01030000','0.00','633.88','Salons de coiffure','F08100013','','','','',1225407600000,0),(1353,1,88,'51200000','660.00','0.00','BANQUE','F08100018','','','','',1225407600000,0),(1354,0,88,'01000001','0.00','660.00','Clients particuliers','F08100018','','','','',1225407600000,0),(1355,1,89,'51200000','274.00','0.00','BANQUE','F08100022','','','','',1225407600000,0),(1356,0,89,'01000000','0.00','274.00','CLIENTS DIVERS','F08100022','','','','',1225407600000,0),(1357,1,90,'51200000','530.00','0.00','BANQUE','F08100023','','','','',1225407600000,0),(1358,0,90,'01000000','0.00','530.00','CLIENTS DIVERS','F08100023','','','','',1225407600000,0),(1359,1,91,'51200000','0.00','526.24','BANQUE','FAC789654','','','','',1224108000000,0),(1360,0,91,'08000000','526.24','0.00','FOURNISSEURS DIVERS','FAC789654','','','','',1224108000000,0),(1523,1,98,'51200000','150.00','0.00','BANQUE','F08100035','','','','',1224453600000,0),(1524,0,98,'01020000','0.00','150.00','Garagistes','F08100035','','','','',1224453600000,0),(1525,6,99,'01010000','1019.53','0.00','Clients Libraires','F08100030','','','','',1224108000000,1224108000000),(1526,5,99,'44571200','0.00','1.29','TVA SUR VENTE 5.5%','F08100030','','','','',1224108000000,1224108000000),(1527,4,99,'44571300','0.00','163.02','TVA SUR VENTE 19.6%','F08100030','','','','',1224108000000,1224108000000),(1528,3,99,'70850000','0.00','156.00','FRAIS DE PORT SUR VENTE','F08100030','','','','',1224108000000,1224108000000),(1529,2,99,'70700000','0.00','211.73','VENTES DE MARCHANDISES 19,6%','F08100030','','','','',1224108000000,1224108000000),(1530,1,99,'70701000','0.00','464.00','Vente de pièces déttachées','F08100030','','','','',1224108000000,1224108000000),(1531,0,99,'70710000','0.00','23.49','VENTE DE MARCHANDISE 5,5 %','F08100030','','','','',1224108000000,1224108000000),(1532,6,100,'01010000','1904.39','0.00','Clients Libraires','F08100031','','','','',1224280800000,1224280800000),(1533,5,100,'44571200','0.00','0.33','TVA SUR VENTE 5.5%','F08100031','','','','',1224280800000,1224280800000),(1534,4,100,'44571300','0.00','311.06','TVA SUR VENTE 19.6%','F08100031','','','','',1224280800000,1224280800000),(1535,3,100,'70850000','0.00','150.00','FRAIS DE PORT SUR VENTE','F08100031','','','','',1224280800000,1224280800000),(1536,2,100,'70701000','0.00','348.64','Vente de pièces déttachées','F08100031','','','','',1224280800000,1224280800000),(1537,1,100,'70701001','0.00','1088.42','Vente Pièces déttachées Climatisation','F08100031','','','','',1224280800000,1224280800000),(1538,0,100,'70710000','0.00','5.94','VENTE DE MARCHANDISE 5,5 %','F08100031','','','','',1224280800000,1224280800000),(1539,6,101,'01010000','248.72','0.00','Clients Libraires','F08100032','','','','',1224280800000,1224280800000),(1540,5,101,'44571200','0.00','0.29','TVA SUR VENTE 5.5%','F08100032','','','','',1224280800000,1224280800000),(1541,4,101,'44571300','0.00','39.86','TVA SUR VENTE 19.6%','F08100032','','','','',1224280800000,1224280800000),(1542,3,101,'70850000','0.00','123.00','FRAIS DE PORT SUR VENTE','F08100032','','','','',1224280800000,1224280800000),(1543,2,101,'70701000','0.00','51.30','Vente de pièces déttachées','F08100032','','','','',1224280800000,1224280800000),(1544,1,101,'70700000','0.00','29.04','VENTES DE MARCHANDISES 19,6%','F08100032','','','','',1224280800000,1224280800000),(1545,0,101,'70710000','0.00','5.23','VENTE DE MARCHANDISE 5,5 %','F08100032','','','','',1224280800000,1224280800000),(1546,7,102,'01000000','9124.48','0.00','CLIENTS DIVERS','F08100033','','','','',1224280800000,1225407600000),(1547,6,102,'44571200','0.00','3.54','TVA SUR VENTE 5.5%','F08100033','','','','',1224280800000,1225407600000),(1548,5,102,'44571300','0.00','1484.20','TVA SUR VENTE 19.6%','F08100033','','','','',1224280800000,1225407600000),(1549,4,102,'70850000','0.00','65.49','FRAIS DE PORT SUR VENTE','F08100033','','','','',1224280800000,1225407600000),(1550,3,102,'70610100','0.00','348.91','VENTE PRESTATION SPECIALE','F08100033','','','','',1224280800000,1225407600000),(1551,2,102,'70710000','0.00','64.30','VENTE DE MARCHANDISE 5,5 %','F08100033','','','','',1224280800000,1225407600000),(1552,1,102,'70700000','0.00','116.04','VENTES DE MARCHANDISES 19,6%','F08100033','','','','',1224280800000,1225407600000),(1553,0,102,'70701000','0.00','7042.00','Vente de pièces déttachées','F08100033','','','','',1224280800000,1225407600000),(1554,8,103,'01000000','8233.18','0.00','CLIENTS DIVERS','F08100034','','','','',1224280800000,1225407600000),(1555,7,103,'44571200','0.00','41.53','TVA SUR VENTE 5.5%','F08100034','','','','',1224280800000,1225407600000),(1556,6,103,'44571300','0.00','1218.70','TVA SUR VENTE 19.6%','F08100034','','','','',1224280800000,1225407600000),(1557,5,103,'70850000','0.00','12.34','FRAIS DE PORT SUR VENTE','F08100034','','','','',1224280800000,1225407600000),(1558,4,103,'70610100','0.00','3254.65','VENTE PRESTATION SPECIALE','F08100034','','','','',1224280800000,1225407600000),(1559,3,103,'70710000','0.00','29.58','VENTE DE MARCHANDISE 5,5 %','F08100034','','','','',1224280800000,1225407600000),(1560,2,103,'70700000','0.00','725.51','VENTES DE MARCHANDISES 19,6%','F08100034','','','','',1224280800000,1225407600000),(1561,1,103,'70701000','0.00','782.59','Vente de pièces déttachées','F08100034','','','','',1224280800000,1225407600000),(1562,0,103,'70701001','0.00','2168.28','Vente Pièces déttachées Climatisation','F08100034','','','','',1224280800000,1225407600000),(1563,2,104,'01020000','310.96','0.00','Garagistes','F08100035','','','','',1224453600000,1225407600000),(1564,1,104,'44571300','0.00','50.96','TVA SUR VENTE 19.6%','F08100035','','','','',1224453600000,1225407600000),(1565,0,104,'70701000','0.00','260.00','Vente de pièces déttachées','F08100035','','','','',1224453600000,1225407600000),(1647,1,107,'65800000','51.63','0.00','Achat de bouquins','0810001','','CHQ','','',1222812000000,0),(1648,0,107,'08000100','0.00','51.63','Achat de bouquins','0810001','','CHQ','','',1222812000000,0),(1649,1,109,'51200000','0.00','51.63','Achat de bouquins','0810001','','','','',1224453600000,0),(1650,0,109,'08000100','51.63','0.00','Achat de bouquins','0810001','','','','',1224453600000,0),(1732,3,112,'44566300','2.86','0.00','TELE8 facture octbre','0810002','','PRE','','',1222898400000,0),(1733,2,112,'44566200','0.88','0.00','TELE8 facture octbre','0810002','','PRE','','',1222898400000,0),(1734,1,112,'62620000','30.51','0.00','TELE8 facture octbre','0810002','','PRE','','',1222898400000,0),(1735,0,112,'08100000','0.00','34.25','TELE8 facture octbre','0810002','','PRE','','',1222898400000,0),(1736,1,114,'51200000','0.00','34.25','Reglt Tel','0810002','','','','',1223157600000,0),(1737,0,114,'08100000','34.25','0.00','Reglt Tel','0810002','','','','',1223157600000,0),(1738,1,116,'51200000','150.00','0.00','BANQUE','1-1','','','','',1224540000000,0),(1739,0,116,'01000001','0.00','150.00','Clients particuliers','1-1','','','','',1224540000000,0),(1740,5,117,'01000000','1156.44','0.00','CLIENTS DIVERS','F08100036','','','','',1224540000000,1225407600000),(1741,4,117,'44571300','0.00','181.26','TVA SUR VENTE 19.6%','F08100036','','','','',1224540000000,1225407600000),(1742,3,117,'44571200','0.00','2.63','TVA SUR VENTE 5.5%','F08100036','','','','',1224540000000,1225407600000),(1743,2,117,'70700000','0.00','162.50','VENTES DE MARCHANDISES 19,6%','F08100036','','','','',1224540000000,1225407600000),(1744,1,117,'70701000','0.00','785.82','Vente de pièces déttachées','F08100036','','','','',1224540000000,1225407600000),(1745,0,117,'70710000','0.00','24.23','VENTE DE MARCHANDISE 5,5 %','F08100036','','','','',1224540000000,1225407600000),(1746,4,118,'01000000','1749.94','0.00','CLIENTS DIVERS','F08100037','','','','',1224540000000,1225407600000),(1747,3,118,'44571300','0.00','286.78','TVA SUR VENTE 19.6%','F08100037','','','','',1224540000000,1225407600000),(1748,2,118,'70701000','0.00','320.24','Vente de pièces déttachées','F08100037','','','','',1224540000000,1225407600000),(1749,1,118,'70610102','0.00','54.30','Dépanage hors site','F08100037','','','','',1224540000000,1225407600000),(1750,0,118,'70701001','0.00','1088.62','Vente Pièces déttachées Climatisation','F08100037','','','','',1224540000000,1225407600000),(1832,2,121,'44566300','44.09','0.00','Achat de pièces','0158-89A','','','','',1222984800000,0),(1833,1,121,'60701000','212.30','0.00','Achat de pièces','0158-89A','','','','',1222984800000,0),(1834,0,121,'08001000','0.00','256.39','Achat de pièces','0158-89A','','','','',1222984800000,0),(1835,1,125,'51200000','0.00','256.39','reglement','kjbsd','','','','',1223157600000,0),(1836,0,125,'08001000','256.39','0.00','reglement','kjbsd','','','','',1223157600000,0),(1918,6,128,'01000001','150.00','0.00','Clients particuliers','F08110001','','','','',1225753200000,1227999600000),(1919,5,128,'44571200','0.00','1.49','TVA SUR VENTE 5.5%','F08110001','','','','',1225753200000,1227999600000),(1920,4,128,'44571300','0.00','19.90','TVA SUR VENTE 19.6%','F08110001','','','','',1225753200000,1227999600000),(1921,3,128,'70850000','0.00','21.42','FRAIS DE PORT SUR VENTE','F08110001','','','','',1225753200000,1227999600000),(1922,2,128,'70701000','0.00','80.08','Vente de pièces déttachées','F08110001','','','','',1225753200000,1227999600000),(1923,1,128,'70700000','0.00','21.87','VENTES DE MARCHANDISES 19,6%','F08110001','','','','',1225753200000,1227999600000),(1924,0,128,'70710000','0.00','5.24','VENTE DE MARCHANDISE 5,5 %','F08110001','','','','',1225753200000,1227999600000),(1925,6,129,'01000000','710.00','0.00','CLIENTS DIVERS','F08110002','','','','',1225753200000,1227999600000),(1926,5,129,'44571200','0.00','1.85','TVA SUR VENTE 5.5%','F08110002','','','','',1225753200000,1227999600000),(1927,4,129,'44571300','0.00','110.54','TVA SUR VENTE 19.6%','F08110002','','','','',1225753200000,1227999600000),(1928,3,129,'70850000','0.00','14.43','FRAIS DE PORT SUR VENTE','F08110002','','','','',1225753200000,1227999600000),(1929,2,129,'70700000','0.00','55.76','VENTES DE MARCHANDISES 19,6%','F08110002','','','','',1225753200000,1227999600000),(1930,1,129,'70701000','0.00','516.99','Vente de pièces déttachées','F08110002','','','','',1225753200000,1227999600000),(1931,0,129,'70710000','0.00','10.43','VENTE DE MARCHANDISE 5,5 %','F08110002','','','','',1225753200000,1227999600000),(1932,2,130,'01000000','7724.80','0.00','CLIENTS DIVERS','F08100040','','','','',1224972000000,1225407600000),(1933,1,130,'44571300','0.00','1265.94','TVA SUR VENTE 19.6%','F08100040','','','','',1224972000000,1225407600000),(1934,0,130,'70701000','0.00','6458.86','Vente de pièces déttachées','F08100040','','','','',1224972000000,1225407600000),(1935,3,131,'01000000','93.18','0.00','CLIENTS DIVERS','F08100041','','','','',1224972000000,1225407600000),(1936,2,131,'44571200','0.00','4.86','TVA SUR VENTE 5.5%','F08100041','','','','',1224972000000,1225407600000),(1937,1,131,'70700000','0.00','70.50','VENTES DE MARCHANDISES 19,6%','F08100041','','','','',1224972000000,1225407600000),(1938,0,131,'70710000','0.00','17.82','VENTE DE MARCHANDISE 5,5 %','F08100041','','','','',1224972000000,1225407600000),(1939,5,132,'01000001','386.29','0.00','Clients particuliers','F08100042','','','','',1224972000000,1225407600000),(1940,4,132,'44571300','0.00','60.35','TVA SUR VENTE 19.6%','F08100042','','','','',1224972000000,1225407600000),(1941,3,132,'44571200','0.00','0.94','TVA SUR VENTE 5.5%','F08100042','','','','',1224972000000,1225407600000),(1942,2,132,'70701000','0.00','247.82','Vente de pièces déttachées','F08100042','','','','',1224972000000,1225407600000),(1943,1,132,'70710000','0.00','17.11','VENTE DE MARCHANDISE 5,5 %','F08100042','','','','',1224972000000,1225407600000),(1944,0,132,'70610100','0.00','60.07','VENTE PRESTATION SPECIALE','F08100042','','','','',1224972000000,1225407600000),(1945,5,133,'01000001','5731.88','0.00','Clients particuliers','F08100043','','','','',1224972000000,1225407600000),(1946,4,133,'66500000','177.27','0.00','ESCOMPTES ACCORDES','F08100043','','','','',1224972000000,1225407600000),(1947,3,133,'44571300','0.00','968.39','TVA SUR VENTE 19.6%','F08100043','','','','',1224972000000,1225407600000),(1948,2,133,'70850000','0.00','1500.00','FRAIS DE PORT SUR VENTE','F08100043','','','','',1224972000000,1225407600000),(1949,1,133,'70701000','0.00','174.90','Vente de pièces déttachées','F08100043','','','','',1224972000000,1225407600000),(1950,0,133,'70701001','0.00','3265.86','Vente Pièces déttachées Climatisation','F08100043','','','','',1224972000000,1225407600000),(1951,7,134,'01020000','1237.52','0.00','Garagistes','F08100044','','','','',1225407600000,1225407600000),(1952,6,134,'66500000','65.13','0.00','ESCOMPTES ACCORDES','F08100044','','','','',1225407600000,1225407600000),(1953,5,134,'44571200','0.00','7.11','TVA SUR VENTE 5.5%','F08100044','','','','',1225407600000,1225407600000),(1954,4,134,'44571300','0.00','191.13','TVA SUR VENTE 19.6%','F08100044','','','','',1225407600000,1225407600000),(1955,3,134,'70850000','0.00','250.00','FRAIS DE PORT SUR VENTE','F08100044','','','','',1225407600000,1225407600000),(1956,2,134,'70701000','0.00','605.15','Vente de pièces déttachées','F08100044','','','','',1225407600000,1225407600000),(1957,1,134,'70700000','0.00','237.50','VENTES DE MARCHANDISES 19,6%','F08100044','','','','',1225407600000,1225407600000),(1958,0,134,'70710000','0.00','11.76','VENTE DE MARCHANDISE 5,5 %','F08100044','','','','',1225407600000,1225407600000),(1959,3,135,'01000000','352.75','0.00','CLIENTS DIVERS','F08100045','','','','',1225407600000,1225407600000),(1960,2,135,'44571300','0.00','57.81','TVA SUR VENTE 19.6%','F08100045','','','','',1225407600000,1225407600000),(1961,1,135,'70701000','0.00','261.94','Vente de pièces déttachées','F08100045','','','','',1225407600000,1225407600000),(1962,0,135,'70700000','0.00','33.00','VENTES DE MARCHANDISES 19,6%','F08100045','','','','',1225407600000,1225407600000),(1963,4,136,'01000000','51.98','0.00','CLIENTS DIVERS','F08100046','','','','',1225407600000,1225407600000),(1964,3,136,'44571300','0.00','7.84','TVA SUR VENTE 19.6%','F08100046','','','','',1225407600000,1225407600000),(1965,2,136,'44571200','0.00','0.22','TVA SUR VENTE 5.5%','F08100046','','','','',1225407600000,1225407600000),(1966,1,136,'70700000','0.00','40.00','VENTES DE MARCHANDISES 19,6%','F08100046','','','','',1225407600000,1225407600000),(1967,0,136,'70710000','0.00','3.92','VENTE DE MARCHANDISE 5,5 %','F08100046','','','','',1225407600000,1225407600000),(1968,2,137,'01000000','3757.81','0.00','CLIENTS DIVERS','F08100047','','','','',1225407600000,1225407600000),(1969,1,137,'44571300','0.00','615.83','TVA SUR VENTE 19.6%','F08100047','','','','',1225407600000,1225407600000),(1970,0,137,'70701000','0.00','3141.98','Vente de pièces déttachées','F08100047','','','','',1225407600000,1225407600000),(1971,2,138,'01000000','8.27','0.00','CLIENTS DIVERS','F08100048','','','','',1225407600000,1225407600000),(1972,1,138,'44571200','0.00','0.43','TVA SUR VENTE 5.5%','F08100048','','','','',1225407600000,1225407600000),(1973,0,138,'70710000','0.00','7.84','VENTE DE MARCHANDISE 5,5 %','F08100048','','','','',1225407600000,1225407600000),(1974,2,139,'01000000','34.21','0.00','CLIENTS DIVERS','F08100049','','','','',1225407600000,1225407600000),(1975,1,139,'44571300','0.00','5.61','TVA SUR VENTE 19.6%','F08100049','','','','',1225407600000,1225407600000),(1976,0,139,'70701000','0.00','28.60','Vente de pièces déttachées','F08100049','','','','',1225407600000,1225407600000),(1977,2,140,'01000000','3.92','0.00','CLIENTS DIVERS','F08110003','','','','',1225753200000,1227999600000),(1978,1,140,'44571200','0.00','0.20','TVA SUR VENTE 5.5%','F08110003','','','','',1225753200000,1227999600000),(1979,0,140,'70710000','0.00','3.72','VENTE DE MARCHANDISE 5,5 %','F08110003','','','','',1225753200000,1227999600000),(1980,6,141,'01000001','4419.10','0.00','Clients particuliers','F08110004','','','','',1225753200000,1225753200000),(1981,5,141,'44571300','0.00','719.60','TVA SUR VENTE 19.6%','F08110004','','','','',1225753200000,1225753200000),(1982,4,141,'44571200','0.00','1.47','TVA SUR VENTE 5.5%','F08110004','','','','',1225753200000,1225753200000),(1983,3,141,'70710000','0.00','3.79','VENTE DE MARCHANDISE 5,5 %','F08110004','','','','',1225753200000,1225753200000),(1984,2,141,'70701000','0.00','2636.28','Vente de pièces déttachées','F08110004','','','','',1225753200000,1225753200000),(1985,1,141,'70700000','0.00','54.80','VENTES DE MARCHANDISES 19,6%','F08110004','','','','',1225753200000,1225753200000),(1986,0,141,'70701001','0.00','1003.16','Vente Pièces déttachées Climatisation','F08110004','','','','',1225753200000,1225753200000),(1987,7,142,'01000000','554.59','0.00','CLIENTS DIVERS','F08110005','','','','',1225753200000,1225753200000),(1988,6,142,'44571200','0.00','1.59','TVA SUR VENTE 5.5%','F08110005','','','','',1225753200000,1225753200000),(1989,5,142,'44571300','0.00','85.89','TVA SUR VENTE 19.6%','F08110005','','','','',1225753200000,1225753200000),(1990,4,142,'70850000','0.00','26.44','FRAIS DE PORT SUR VENTE','F08110005','','','','',1225753200000,1225753200000),(1991,3,142,'70610102','0.00','50.56','Dépanage hors site','F08110005','','','','',1225753200000,1225753200000),(1992,2,142,'70710000','0.00','7.74','VENTE DE MARCHANDISE 5,5 %','F08110005','','','','',1225753200000,1225753200000),(1993,1,142,'70700000','0.00','58.36','VENTES DE MARCHANDISES 19,6%','F08110005','','','','',1225753200000,1225753200000),(1994,0,142,'70701000','0.00','324.01','Vente de pièces déttachées','F08110005','','','','',1225753200000,1225753200000),(2076,2,145,'01000000','6.27','0.00','CLIENTS DIVERS','F08110006','','','','',1225839600000,1227999600000),(2077,1,145,'44571200','0.00','0.33','TVA SUR VENTE 5.5%','F08110006','','','','',1225839600000,1227999600000),(2078,0,145,'70710000','0.00','5.94','VENTE DE MARCHANDISE 5,5 %','F08110006','','','','',1225839600000,1227999600000),(2079,2,146,'01000000','74.00','0.00','CLIENTS DIVERS','F08110007','','','','',1225839600000,1227999600000),(2080,1,146,'44571300','0.00','12.13','TVA SUR VENTE 19.6%','F08110007','','','','',1225839600000,1227999600000),(2081,0,146,'70610100','0.00','61.87','VENTE PRESTATION SPECIALE','F08110007','','','','',1225839600000,1227999600000),(2082,2,147,'01000000','2.50','0.00','CLIENTS DIVERS','F08110008','','','','',1226530800000,1227999600000),(2083,1,147,'44571300','0.00','0.41','TVA SUR VENTE 19.6%','F08110008','','','','',1226530800000,1227999600000),(2084,0,147,'70700000','0.00','2.09','VENTES DE MARCHANDISES 19,6%','F08110008','','','','',1226530800000,1227999600000),(2085,2,148,'01000000','11.03','0.00','CLIENTS DIVERS','F08110009','','','','',1226530800000,1227999600000),(2086,1,148,'44571300','0.00','1.81','TVA SUR VENTE 19.6%','F08110009','','','','',1226530800000,1227999600000),(2087,0,148,'70700000','0.00','9.22','VENTES DE MARCHANDISES 19,6%','F08110009','','','','',1226530800000,1227999600000),(2088,2,149,'01000000','31.33','0.00','CLIENTS DIVERS','F08110010','','','','',1226530800000,1226530800000),(2089,1,149,'44571200','0.00','1.63','TVA SUR VENTE 5.5%','F08110010','','','','',1226530800000,1226530800000),(2090,0,149,'70710000','0.00','29.70','VENTE DE MARCHANDISE 5,5 %','F08110010','','','','',1226530800000,1226530800000),(2091,2,150,'01000000','31.33','0.00','CLIENTS DIVERS','F08110011','','','','',1226530800000,1226530800000),(2092,1,150,'44571200','0.00','1.63','TVA SUR VENTE 5.5%','F08110011','','','','',1226530800000,1226530800000),(2093,0,150,'70710000','0.00','29.70','VENTE DE MARCHANDISE 5,5 %','F08110011','','','','',1226530800000,1226530800000),(2094,2,151,'01000000','7.30','0.00','CLIENTS DIVERS','F08110012','','','','',1226530800000,1226530800000),(2095,1,151,'44571300','0.00','1.20','TVA SUR VENTE 19.6%','F08110012','','','','',1226530800000,1226530800000),(2096,0,151,'70700000','0.00','6.10','VENTES DE MARCHANDISES 19,6%','F08110012','','','','',1226530800000,1226530800000),(2097,3,152,'01000000','168.24','0.00','CLIENTS DIVERS','F08110013','','','','',1226530800000,1226530800000),(2098,2,152,'44571300','0.00','2.99','TVA SUR VENTE 19.6%','F08110013','','','','',1226530800000,1226530800000),(2099,1,152,'70850000','0.00','150.00','FRAIS DE PORT SUR VENTE','F08110013','','','','',1226530800000,1226530800000),(2100,0,152,'70700000','0.00','15.25','VENTES DE MARCHANDISES 19,6%','F08110013','','','','',1226530800000,1226530800000),(2101,2,153,'01000000','10.94','0.00','CLIENTS DIVERS','F08110014','','','','',1226530800000,1226530800000),(2102,1,153,'44571300','0.00','1.79','TVA SUR VENTE 19.6%','F08110014','','','','',1226530800000,1226530800000),(2103,0,153,'70700000','0.00','9.15','VENTES DE MARCHANDISES 19,6%','F08110014','','','','',1226530800000,1226530800000),(2104,2,154,'01020000','1.46','0.00','Garagistes','F08110015','','','','',1226530800000,1227999600000),(2105,1,154,'44571300','0.00','0.24','TVA SUR VENTE 19.6%','F08110015','','','','',1226530800000,1227999600000),(2106,0,154,'70700000','0.00','1.22','VENTES DE MARCHANDISES 19,6%','F08110015','','','','',1226530800000,1227999600000),(2107,2,155,'01020000','5.84','0.00','Garagistes','F08110016','','','','',1226530800000,1227999600000),(2108,1,155,'44571300','0.00','0.96','TVA SUR VENTE 19.6%','F08110016','','','','',1226530800000,1227999600000),(2109,0,155,'70700000','0.00','4.88','VENTES DE MARCHANDISES 19,6%','F08110016','','','','',1226530800000,1227999600000),(2110,5,156,'01020000','103.48','0.00','Garagistes','F08110017','','','','',1226530800000,1227999600000),(2111,4,156,'66500000','3.20','0.00','ESCOMPTES ACCORDES','F08110017','','','','',1226530800000,1227999600000),(2112,3,156,'44571200','0.00','4.24','TVA SUR VENTE 5.5%','F08110017','','','','',1226530800000,1227999600000),(2113,2,156,'70850000','0.00','25.36','FRAIS DE PORT SUR VENTE','F08110017','','','','',1226530800000,1227999600000),(2114,1,156,'70700000','0.00','65.96','VENTES DE MARCHANDISES 19,6%','F08110017','','','','',1226530800000,1227999600000),(2115,0,156,'70710000','0.00','11.12','VENTE DE MARCHANDISE 5,5 %','F08110017','','','','',1226530800000,1227999600000),(2116,3,157,'01020000','79.35','0.00','Garagistes','F08110018','','','','',1226530800000,1227999600000),(2117,2,157,'44571200','0.00','2.29','TVA SUR VENTE 5.5%','F08110018','','','','',1226530800000,1227999600000),(2118,1,157,'70850000','0.00','35.36','FRAIS DE PORT SUR VENTE','F08110018','','','','',1226530800000,1227999600000),(2119,0,157,'70700000','0.00','41.70','VENTES DE MARCHANDISES 19,6%','F08110018','','','','',1226530800000,1227999600000),(2120,2,158,'01020000','13.21','0.00','Garagistes','F08110019','','','','',1226530800000,1227999600000),(2121,1,158,'44571200','0.00','0.69','TVA SUR VENTE 5.5%','F08110019','','','','',1226530800000,1227999600000),(2122,0,158,'70710000','0.00','12.52','VENTE DE MARCHANDISE 5,5 %','F08110019','','','','',1226530800000,1227999600000),(2123,6,159,'01000000','42.88','0.00','CLIENTS DIVERS','F08110020','','','','',1226530800000,1227999600000),(2124,5,159,'66500000','0.65','0.00','ESCOMPTES ACCORDES','F08110020','','','','',1226530800000,1227999600000),(2125,4,159,'44571300','0.00','4.01','TVA SUR VENTE 19.6%','F08110020','','','','',1226530800000,1227999600000),(2126,3,159,'44571200','0.00','0.21','TVA SUR VENTE 5.5%','F08110020','','','','',1226530800000,1227999600000),(2127,2,159,'70850000','0.00','15.00','FRAIS DE PORT SUR VENTE','F08110020','','','','',1226530800000,1227999600000),(2128,1,159,'70710000','0.00','3.85','VENTE DE MARCHANDISE 5,5 %','F08110020','','','','',1226530800000,1227999600000),(2129,0,159,'70610100','0.00','20.46','VENTE PRESTATION SPECIALE','F08110020','','','','',1226530800000,1227999600000),(2130,3,160,'01000000','1336.20','0.00','CLIENTS DIVERS','F08110021','','','','',1226530800000,1227999600000),(2131,2,160,'44571300','0.00','218.98','TVA SUR VENTE 19.6%','F08110021','','','','',1226530800000,1227999600000),(2132,1,160,'70701000','0.00','28.60','Vente de pièces déttachées','F08110021','','','','',1226530800000,1227999600000),(2133,0,160,'70701001','0.00','1088.62','Vente Pièces déttachées Climatisation','F08110021','','','','',1226530800000,1227999600000),(2134,3,161,'01000000','22.59','0.00','CLIENTS DIVERS','F08110022','','','','',1226530800000,1227999600000),(2135,2,161,'44571300','0.00','1.20','TVA SUR VENTE 19.6%','F08110022','','','','',1226530800000,1227999600000),(2136,1,161,'70850000','0.00','15.29','FRAIS DE PORT SUR VENTE','F08110022','','','','',1226530800000,1227999600000),(2137,0,161,'70700000','0.00','6.10','VENTES DE MARCHANDISES 19,6%','F08110022','','','','',1226530800000,1227999600000),(2138,3,162,'01030000','59.68','0.00','Salons de coiffure','F08110023','','','','',1226530800000,1227999600000),(2139,2,162,'44571200','0.00','2.16','TVA SUR VENTE 5.5%','F08110023','','','','',1226530800000,1227999600000),(2140,1,162,'70850000','0.00','18.32','FRAIS DE PORT SUR VENTE','F08110023','','','','',1226530800000,1227999600000),(2141,0,162,'70710000','0.00','39.20','VENTE DE MARCHANDISE 5,5 %','F08110023','','','','',1226530800000,1227999600000),(2142,4,163,'01030000','21030.35','0.00','Salons de coiffure','F08110024','','','','',1226530800000,1227999600000),(2143,3,163,'44571300','0.00','3404.44','TVA SUR VENTE 19.6%','F08110024','','','','',1226530800000,1227999600000),(2144,2,163,'70850000','0.00','256.31','FRAIS DE PORT SUR VENTE','F08110024','','','','',1226530800000,1227999600000),(2145,1,163,'70701000','0.00','17019.60','Vente de pièces déttachées','F08110024','','','','',1226530800000,1227999600000),(2146,0,163,'70610100','0.00','350.00','VENTE PRESTATION SPECIALE','F08110024','','','','',1226530800000,1227999600000),(2147,4,164,'01020000','187.05','0.00','Garagistes','F08110025','','','','',1226617200000,1227999600000),(2148,3,164,'66500000','5.79','0.00','ESCOMPTES ACCORDES','F08110025','','','','',1226617200000,1227999600000),(2149,2,164,'44571300','0.00','5.98','TVA SUR VENTE 19.6%','F08110025','','','','',1226617200000,1227999600000),(2150,1,164,'70850000','0.00','156.36','FRAIS DE PORT SUR VENTE','F08110025','','','','',1226617200000,1227999600000),(2151,0,164,'70700000','0.00','30.50','VENTES DE MARCHANDISES 19,6%','F08110025','','','','',1226617200000,1227999600000),(2152,3,165,'01020000','174.23','0.00','Garagistes','F08110026','','','','',1226617200000,1227999600000),(2153,2,165,'44571300','0.00','8.18','TVA SUR VENTE 19.6%','F08110026','','','','',1226617200000,1227999600000),(2154,1,165,'70850000','0.00','124.30','FRAIS DE PORT SUR VENTE','F08110026','','','','',1226617200000,1227999600000),(2155,0,165,'70700000','0.00','41.75','VENTES DE MARCHANDISES 19,6%','F08110026','','','','',1226617200000,1227999600000),(2156,3,166,'01000000','4597.74','0.00','CLIENTS DIVERS','F08100038','','','','',1224540000000,1224540000000),(2157,2,166,'44571300','0.00','753.48','TVA SUR VENTE 19.6%','F08100038','','','','',1224540000000,1224540000000),(2158,1,166,'70700000','0.00','626.18','VENTES DE MARCHANDISES 19,6%','F08100038','','','','',1224540000000,1224540000000),(2159,0,166,'70701000','0.00','3218.08','Vente de pièces déttachées','F08100038','','','','',1224540000000,1224540000000),(2160,3,167,'01000001','4597.74','0.00','Clients particuliers','F08100039','','','','',1224540000000,1224540000000),(2161,2,167,'44571300','0.00','753.48','TVA SUR VENTE 19.6%','F08100039','','','','',1224540000000,1224540000000),(2162,1,167,'70700000','0.00','626.18','VENTES DE MARCHANDISES 19,6%','F08100039','','','','',1224540000000,1224540000000),(2163,0,167,'70701000','0.00','3218.08','Vente de pièces déttachées','F08100039','','','','',1224540000000,1224540000000),(2336,85,170,'12000000','0.00','151014.66','S.A.N. Temporaire','','','','','',1222812000000,0),(2337,84,170,'01000000','0.00','541.02','CLIENTS DIVERS','A08090003','','','','',1221084000000,0),(2338,83,170,'01000000','77.69','0.00','CLIENTS DIVERS','F08090005','','','','',1222639200000,1222639200000),(2339,82,170,'01000000','1184.04','0.00','CLIENTS DIVERS','F08090004','','','','',1221602400000,1221666519799),(2340,81,170,'01000000','1310.82','0.00','CLIENTS DIVERS','F08090002','','','','',1221084000000,1221084000000),(2341,80,170,'01000000','466.44','0.00','CLIENTS DIVERS','F08090001','','','','',1221084000000,1221084000000),(2342,79,170,'08000000','40118.94','0.00','FOURNISSEURS DIVERS','FAC6541230','','','','',1220047200000,0),(2343,78,170,'08000000','1000.00','0.00','FOURNISSEURS DIVERS','FAC6541230','','','','',1217368800000,0),(2344,77,170,'08000000','1000.00','0.00','FOURNISSEURS DIVERS','FAC6541230','','','','',1214776800000,0),(2345,76,170,'08000000','1000.00','0.00','FOURNISSEURS DIVERS','FAC6541230','','','','',1212184800000,0),(2346,75,170,'01000001','0.00','200.00','Clients particuliers','1-1','','','','',1221861600000,0),(2347,74,170,'01000000','0.00','1184.04','CLIENTS DIVERS','F08090004','','','','',1221861600000,0),(2348,73,170,'01000000','0.00','613.72','CLIENTS DIVERS','F08080002','','','','',1218578400000,0),(2349,72,170,'01000001','0.00','119.60','Clients particuliers','F08080001','','','','',1218578400000,0),(2350,71,170,'01000000','0.00','500.00','CLIENTS DIVERS','F08080002','','','','',1218578400000,0),(2351,70,170,'01000001','0.00','2093.00','Clients particuliers','F08050002','','','','',1212444000000,0),(2352,69,170,'01010000','0.00','59800.00','Clients Libraires','F08050003','','','','',1212444000000,0),(2353,68,170,'01000000','0.00','4784.00','CLIENTS DIVERS','F08030004','','','','',1201993200000,0),(2354,67,170,'01000000','0.00','1016.60','CLIENTS DIVERS','F08030003','','','','',1201993200000,0),(2355,66,170,'01000000','0.00','27.69','CLIENTS DIVERS','F0803001','','','','',1201993200000,0),(2356,65,170,'01000000','0.00','131.56','CLIENTS DIVERS','F08030001','','','','',1201993200000,0),(2357,64,170,'01000000','0.00','466.44','CLIENTS DIVERS','F08090001','','','','',1222639200000,0),(2358,63,170,'01020000','0.00','512.81','Garagistes','F08080004','','','','',1222639200000,0),(2359,62,170,'01020000','0.00','500.00','Garagistes','F08080004','','','','',1219788000000,0),(2360,61,170,'01000000','0.00','235.65','CLIENTS DIVERS','F08080003','','','','',1219960800000,0),(2361,60,170,'01000000','0.00','239.20','CLIENTS DIVERS','F08050004','','','','',1212444000000,0),(2362,59,170,'01000000','0.00','269.96','CLIENTS DIVERS','F08010013','','','','',1201993200000,0),(2363,58,170,'01000000','0.00','100.00','CLIENTS DIVERS','f08010013','','','','',1200438000000,0),(2364,57,170,'01000000','0.00','2243.33','CLIENTS DIVERS','1199722948408','','','','',1199746800000,0),(2365,56,170,'08000000','0.00','43118.94','FOURNISSEURS DIVERS','FAC6541230','','','','',1207000800000,1212184800000),(2366,55,170,'01020000','2012.81','0.00','Garagistes','F08080004','','','','',1219788000000,1220133600000),(2367,54,170,'01020000','0.00','1000.00','Garagistes','F08080004','','','','',1219788000000,0),(2368,53,170,'01000000','235.65','0.00','CLIENTS DIVERS','F08080003','','','','',1219788000000,1219788000000),(2369,52,170,'01000000','1113.72','0.00','CLIENTS DIVERS','F08080002','','','','',1217800800000,1217800800000),(2370,51,170,'01000001','119.60','0.00','Clients particuliers','F08080001','','','','',1217628000000,1217628000000),(2371,50,170,'01010000','59800.00','0.00','Clients Libraires','F08050003','','','','',1211752800000,1211752800000),(2372,49,170,'01020000','5980.00','0.00','Garagistes','F08050001','','','','',1211234400000,1212184800000),(2373,48,170,'01000000','0.00','1196.00','CLIENTS DIVERS','A08030005','','','','',1206914400000,0),(2374,47,170,'01000000','5980.00','0.00','CLIENTS DIVERS','F08030004','','','','',1206914400000,1207046722025),(2375,46,170,'01000000','131.56','0.00','CLIENTS DIVERS','F08030001','','','','',1205708400000,1205708400000),(2376,45,170,'01000001','2093.00','0.00','Clients particuliers','F08050002','','','','',1211752800000,1212184800000),(2377,44,170,'01020000','0.00','5980.00','Garagistes','F0805001','','','','',1211234400000,0),(2378,43,170,'01000000','0.00','1732.44','CLIENTS DIVERS','f08010011','','','','',1200438000000,0),(2379,42,170,'01000000','0.00','2990.00','CLIENTS DIVERS','f8010015','','','','',1200438000000,0),(2380,41,170,'08000000','0.00','526.24','FOURNISSEURS DIVERS','FAC789654','','','','',1210197600000,1212184800000),(2381,40,170,'08000000','8108.88','0.00','FOURNISSEURS DIVERS','TEST','','','','',1211234400000,0),(2382,39,170,'08000000','23.92','0.00','FOURNISSEURS DIVERS','','','','','',1210802400000,0),(2383,38,170,'08000000','0.00','8108.88','FOURNISSEURS DIVERS','FAC987456','','','','',1210802400000,1212184800000),(2384,37,170,'08000000','119.60','0.00','FOURNISSEURS DIVERS','FAC00125','','','','',1211234400000,0),(2385,36,170,'08000000','119.60','0.00','FOURNISSEURS DIVERS','F08050012','','','','',1211234400000,0),(2386,35,170,'08000000','0.00','119.60','FOURNISSEURS DIVERS','FAC00125','','','','',1211148000000,1212184800000),(2387,34,170,'08000000','0.00','23.92','FOURNISSEURS DIVERS','F000125','','','','',1210888800000,1212184800000),(2388,33,170,'01000000','2990.00','0.00','CLIENTS DIVERS','F08010015','','','','',1200438000000,1200438000000),(2389,32,170,'01000000','0.00','131.56','CLIENTS DIVERS','A08010014','','','','',1200265200000,0),(2390,31,170,'01000000','501.52','0.00','CLIENTS DIVERS','F08010013','','','','',1200265200000,1201734000000),(2391,30,170,'08000100','0.00','100.00','MON FOURNISSEUR','F07120002','','FAC','','',1196722800000,0),(2392,29,170,'01000000','0.00','1000.00','CLIENTS DIVERS','F08010011','','','','',1200265200000,0),(2393,28,170,'01000000','0.00','2805.42','CLIENTS DIVERS','F08010012','','','','',1200265200000,0),(2394,27,170,'01000000','0.00','2000.00','CLIENTS DIVERS','F08010011','','','','',1200265200000,0),(2395,26,170,'01000000','2805.42','0.00','CLIENTS DIVERS','F08010012','','','','',1200265200000,1200265200000),(2396,25,170,'01000000','4732.44','0.00','CLIENTS DIVERS','F08010011','','','','',1200265200000,1200265200000),(2397,24,170,'01010000','59800.00','0.00','Clients Libraires','F08010010','','','','',1200092400000,1200092400000),(2398,23,170,'01020000','5980.00','0.00','Garagistes','F08010009','','','','',1200092400000,1201734000000),(2399,22,170,'01000000','23920.00','0.00','CLIENTS DIVERS','F08010008','','','','',1200092400000,1200092400000),(2400,21,170,'01020000','32925.88','0.00','Garagistes','F08010007','','','','',1200092400000,1201734000000),(2401,20,170,'01020000','0.00','32925.88','Garagistes','F08010007','','','','',1200092400000,0),(2402,19,170,'01020000','0.00','5980.00','Garagistes','F08010009','','','','',1200092400000,0),(2403,18,170,'01010000','0.00','59800.00','Clients Libraires','F08010010','','','','',1200092400000,0),(2404,17,170,'01000000','0.00','23920.00','CLIENTS DIVERS','F08010008','','','','',1200092400000,0),(2405,16,170,'01000000','6972.68','0.00','CLIENTS DIVERS','F08010006','','','','',1199919600000,1199919600000),(2406,15,170,'01000000','1578.72','0.00','CLIENTS DIVERS','F08010005','','','','',1199919600000,1199919600000),(2407,14,170,'01020000','1973.40','0.00','Garagistes','F08010004','','','','',1199833200000,1201734000000),(2408,13,170,'01000000','0.00','6972.68','CLIENTS DIVERS','F08010006','','','','',1199919600000,0),(2409,12,170,'01020000','0.00','1973.40','Garagistes','F08010004','','','','',1199919600000,0),(2410,11,170,'01000000','0.00','1578.72','CLIENTS DIVERS','F08010005','','','','',1199919600000,0),(2411,10,170,'01010000','599.72','0.00','Clients Libraires','F08010003','','','','',1199746800000,1199746800000),(2412,9,170,'01000000','2198.46','0.00','CLIENTS DIVERS','F08010002','','','','',1199746800000,1199746800000),(2413,8,170,'01010000','0.00','599.72','Clients Libraires','F08010003','','','','',1199746800000,0),(2414,7,170,'01000000','0.00','2198.46','CLIENTS DIVERS','F08010002','','','','',1199746800000,0),(2415,6,170,'01000000','0.00','9610.15','CLIENTS DIVERS','F08010001','','','','',1199660400000,0),(2416,5,170,'01000000','9610.15','0.00','CLIENTS DIVERS','F08010001','','','','',1199660400000,1199660400000),(2417,4,170,'51200000','186713.53','0.00','S.A.N. Temporaire','','','','','',1222812000000,0),(2418,3,170,'44571300','0.00','38545.43','S.A.N. Temporaire','','','','','',1222812000000,0),(2419,2,170,'44571200','0.00','6.05','S.A.N. Temporaire','','','','','',1222812000000,0),(2420,1,170,'44566300','5181.26','0.00','S.A.N. Temporaire','','','','','',1222812000000,0),(2421,0,170,'44566200','1057.32','0.00','S.A.N. Temporaire','','','','','',1222812000000,0);
/*!40000 ALTER TABLE `OPERATION` ENABLE KEYS */;
UNLOCK TABLES;

--
-- Table structure for table `OPERATION_RAPPROCHEMENT`
--

DROP TABLE IF EXISTS `OPERATION_RAPPROCHEMENT`;
CREATE TABLE `OPERATION_RAPPROCHEMENT` (
  `Op_Id` int(10) unsigned NOT NULL auto_increment,
  `Code_Journal` char(3) default '',
  `Periode` bigint(20) unsigned default '0',
  `Date_Op` bigint(20) unsigned default '0',
  `Numero_Compte` varchar(8) default '',
  `Libelle` varchar(100) default '',
  `Num_Piece` varchar(20) default '',
  `Pointe` char(1) default '',
  `Montant_D` decimal(14,2) default '0.00',
  `Montant_C` decimal(14,2) default '0.00',
  `Equilibre` char(1) default 'n',
  `Ligne_Id` int(10) unsigned default '0',
  PRIMARY KEY  (`Op_Id`)
) ENGINE=InnoDB DEFAULT CHARSET=latin1;

--
-- Dumping data for table `OPERATION_RAPPROCHEMENT`
--

LOCK TABLES `OPERATION_RAPPROCHEMENT` WRITE;
/*!40000 ALTER TABLE `OPERATION_RAPPROCHEMENT` DISABLE KEYS */;
/*!40000 ALTER TABLE `OPERATION_RAPPROCHEMENT` ENABLE KEYS */;
UNLOCK TABLES;

--
-- Table structure for table `RAPPROCHEMENT_BANCAIRE`
--

DROP TABLE IF EXISTS `RAPPROCHEMENT_BANCAIRE`;
CREATE TABLE `RAPPROCHEMENT_BANCAIRE` (
  `Code_Journal` char(3) NOT NULL,
  `Periode` bigint(20) unsigned NOT NULL,
  `Libelle` varchar(50) default '',
  `Solde_Comptable` decimal(16,2) default '0.00',
  `Ancien_Solde_Banque` decimal(16,2) default '0.00',
  `Nouveau_Solde_Banque` decimal(16,2) default '0.00',
  `Clos` char(1) default 'n',
  `Date_Validation` bigint(20) unsigned default '0',
  PRIMARY KEY  (`Code_Journal`,`Periode`)
) ENGINE=InnoDB DEFAULT CHARSET=latin1;

--
-- Dumping data for table `RAPPROCHEMENT_BANCAIRE`
--

LOCK TABLES `RAPPROCHEMENT_BANCAIRE` WRITE;
/*!40000 ALTER TABLE `RAPPROCHEMENT_BANCAIRE` DISABLE KEYS */;
/*!40000 ALTER TABLE `RAPPROCHEMENT_BANCAIRE` ENABLE KEYS */;
UNLOCK TABLES;
/*!40103 SET TIME_ZONE=@OLD_TIME_ZONE */;

/*!40101 SET SQL_MODE=@OLD_SQL_MODE */;
/*!40014 SET FOREIGN_KEY_CHECKS=@OLD_FOREIGN_KEY_CHECKS */;
/*!40014 SET UNIQUE_CHECKS=@OLD_UNIQUE_CHECKS */;
/*!40101 SET CHARACTER_SET_CLIENT=@OLD_CHARACTER_SET_CLIENT */;
/*!40101 SET CHARACTER_SET_RESULTS=@OLD_CHARACTER_SET_RESULTS */;
/*!40101 SET COLLATION_CONNECTION=@OLD_COLLATION_CONNECTION */;
/*!40111 SET SQL_NOTES=@OLD_SQL_NOTES */;

-- Dump completed on 2008-12-15 10:23:38
